{"id":1027,"date":"2025-09-26T10:34:26","date_gmt":"2025-09-26T08:34:26","guid":{"rendered":"https:\/\/anielimoi.com.pl\/?post_type=product&#038;p=1027"},"modified":"2025-10-01T11:45:22","modified_gmt":"2025-10-01T09:45:22","slug":"z-dusza-natury","status":"publish","type":"product","link":"https:\/\/anielimoi.com.pl\/?product=z-dusza-natury","title":{"rendered":"Z dusz\u0105 natury"},"content":{"rendered":"<p>Ten r\u0119cznie wykonany, bia\u0142y domek z surowego drewna to kwintesencja rustykalnego uroku w miniaturowej formie. Ka\u017cdy detal zdradza kunszt rzemie\u015blnika i mi\u0142o\u015b\u0107 do tradycji. Naturalna faktura drewna pozwala poczu\u0107 jego autentyczno\u015b\u0107 \u2013 jakby domek zosta\u0142 wyj\u0119ty prosto z beskidzkiej polany.<\/p>\n<p>Zgrabna bry\u0142a i prosty dwuspadowy dach tworz\u0105 harmonijn\u0105 ca\u0142o\u015b\u0107, kt\u00f3ra przywodzi na my\u015bl dzieci\u0119ce marzenia o domku w lesie. To nie tylko dekoracja \u2013 to opowie\u015b\u0107 o ciszy, drewnie i r\u0119kach, kt\u00f3re tworz\u0105 z sercem.<\/p>\n","protected":false},"excerpt":{"rendered":"<p>Ten r\u0119cznie wykonany, bia\u0142y domek z surowego drewna to kwintesencja rustykalnego uroku w [&hellip;]<\/p>\n","protected":false},"featured_media":1028,"template":"","meta":{"ngg_post_thumbnail":0},"product_brand":[],"product_cat":[23],"product_tag":[],"class_list":{"0":"post-1027","1":"product","2":"type-product","3":"status-publish","4":"has-post-thumbnail","6":"product_cat-wiejskie-zakatki","8":"first","9":"instock","10":"shipping-taxable","11":"purchasable","12":"product-type-simple"},"jetpack_sharing_enabled":true,"_links":{"self":[{"href":"https:\/\/anielimoi.com.pl\/index.php?rest_route=\/wp\/v2\/product\/1027","targetHints":{"allow":["GET"]}}],"collection":[{"href":"https:\/\/anielimoi.com.pl\/index.php?rest_route=\/wp\/v2\/product"}],"about":[{"href":"https:\/\/anielimoi.com.pl\/index.php?rest_route=\/wp\/v2\/types\/product"}],"wp:featuredmedia":[{"embeddable":true,"href":"https:\/\/anielimoi.com.pl\/index.php?rest_route=\/wp\/v2\/media\/1028"}],"wp:attachment":[{"href":"https:\/\/anielimoi.com.pl\/index.php?rest_route=%2Fwp%2Fv2%2Fmedia&parent=1027"}],"wp:term":[{"taxonomy":"product_brand","embeddable":true,"href":"https:\/\/anielimoi.com.pl\/index.php?rest_route=%2Fwp%2Fv2%2Fproduct_brand&post=1027"},{"taxonomy":"product_cat","embeddable":true,"href":"https:\/\/anielimoi.com.pl\/index.php?rest_route=%2Fwp%2Fv2%2Fproduct_cat&post=1027"},{"taxonomy":"product_tag","embeddable":true,"href":"https:\/\/anielimoi.com.pl\/index.php?rest_route=%2Fwp%2Fv2%2Fproduct_tag&post=1027"}],"curies":[{"name":"wp","href":"https:\/\/api.w.org\/{rel}","templated":true}]}}