{"id":1029,"date":"2025-09-26T10:40:42","date_gmt":"2025-09-26T08:40:42","guid":{"rendered":"https:\/\/anielimoi.com.pl\/?post_type=product&#038;p=1029"},"modified":"2025-09-29T08:44:40","modified_gmt":"2025-09-29T06:44:40","slug":"hoohoo-house","status":"publish","type":"product","link":"https:\/\/anielimoi.com.pl\/?product=hoohoo-house","title":{"rendered":"HooHoo House"},"content":{"rendered":"<p>Male\u0144kie okienka, z kt\u00f3rych nie spos\u00f3b zajrze\u0107 do \u015brodka, przypominaj\u0105 oczy \u2013 czujne, milcz\u0105ce. Drzwi, cho\u0107 zamkni\u0119te, wygl\u0105daj\u0105 jakby kto\u015b w\u0142a\u015bnie je uchyli\u0142. A na werandzie \u2013 \u015blad po czym\u015b, co nie powinno tam by\u0107. Drewno, cho\u0107 surowe, zdaje si\u0119 by\u0107 zbyt stare, jakby pami\u0119ta\u0142o wi\u0119cej ni\u017c jedno \u017cycie.<\/p>\n<p>To domek dla tych, kt\u00f3rzy lubi\u0105 dreszczyk emocji w\u015br\u00f3d rustykalnych klimat\u00f3w. Idealny jako dekoracja, ale tylko dla odwa\u017cnych \u2013 bo HooHoo House nie zawsze jest tam, gdzie go zostawi\u0142e\u015b\u2026<\/p>\n","protected":false},"excerpt":{"rendered":"<p><strong>HooHoo House<\/strong><br \/>\nTen r\u0119cznie wykonany, br\u0105zowy domek z drewna nie wygl\u0105da na zwyk\u0142\u0105 miniaturk\u0119. [&hellip;]<\/p>\n","protected":false},"featured_media":1030,"template":"","meta":{"ngg_post_thumbnail":0},"product_brand":[],"product_cat":[30],"product_tag":[],"class_list":{"0":"post-1029","1":"product","2":"type-product","3":"status-publish","4":"has-post-thumbnail","6":"product_cat-straszydomki","8":"first","9":"instock","10":"shipping-taxable","11":"purchasable","12":"product-type-simple"},"jetpack_sharing_enabled":true,"_links":{"self":[{"href":"https:\/\/anielimoi.com.pl\/index.php?rest_route=\/wp\/v2\/product\/1029","targetHints":{"allow":["GET"]}}],"collection":[{"href":"https:\/\/anielimoi.com.pl\/index.php?rest_route=\/wp\/v2\/product"}],"about":[{"href":"https:\/\/anielimoi.com.pl\/index.php?rest_route=\/wp\/v2\/types\/product"}],"wp:featuredmedia":[{"embeddable":true,"href":"https:\/\/anielimoi.com.pl\/index.php?rest_route=\/wp\/v2\/media\/1030"}],"wp:attachment":[{"href":"https:\/\/anielimoi.com.pl\/index.php?rest_route=%2Fwp%2Fv2%2Fmedia&parent=1029"}],"wp:term":[{"taxonomy":"product_brand","embeddable":true,"href":"https:\/\/anielimoi.com.pl\/index.php?rest_route=%2Fwp%2Fv2%2Fproduct_brand&post=1029"},{"taxonomy":"product_cat","embeddable":true,"href":"https:\/\/anielimoi.com.pl\/index.php?rest_route=%2Fwp%2Fv2%2Fproduct_cat&post=1029"},{"taxonomy":"product_tag","embeddable":true,"href":"https:\/\/anielimoi.com.pl\/index.php?rest_route=%2Fwp%2Fv2%2Fproduct_tag&post=1029"}],"curies":[{"name":"wp","href":"https:\/\/api.w.org\/{rel}","templated":true}]}}