{"id":1225,"date":"2025-10-18T20:06:56","date_gmt":"2025-10-18T18:06:56","guid":{"rendered":"https:\/\/anielimoi.com.pl\/?post_type=product&#038;p=1225"},"modified":"2025-10-18T20:06:57","modified_gmt":"2025-10-18T18:06:57","slug":"aniolek-rozalka-recznie-wykonana-z-masy-solnej-dostepna","status":"publish","type":"product","link":"https:\/\/anielimoi.com.pl\/?product=aniolek-rozalka-recznie-wykonana-z-masy-solnej-dostepna","title":{"rendered":"Anio\u0142ek Rozalka &#8211; r\u0119cznie wykonana z masy solnej (dost\u0119pna)"},"content":{"rendered":"<p>Rozalka to anio\u0142ek, kt\u00f3ry wygl\u0105da jakby wyskoczy\u0142 prosto z dzieci\u0119cej opowie\u015bci. Ulepiona z mi\u0142o\u015bci\u0105 i dba\u0142o\u015bci\u0105 o ka\u017cdy szczeg\u00f3\u0142, zachwyca subteln\u0105 mink\u0105, pastelowymi barwami i romantycznym charakterem. Jej imi\u0119 przywodzi na my\u015bl zapach r\u00f3\u017canego ogrodu i czu\u0142o\u015b\u0107 dawnych czas\u00f3w.<\/p>\n<p>&#8211; <strong>Wymiary:<\/strong> ok. 15 cm wysoko\u015bci&nbsp;<\/p>\n<p><strong>&#8211; Kolory:<\/strong> niebia\u0144ski b\u0142\u0119kit, krem, z\u0142ote akcenty&nbsp;<\/p>\n<p><strong>&#8211; Wykonanie:<\/strong> 100% r\u0119kodzie\u0142o \u2013 ka\u017cdy egzemplarz jest niepowtarzalny&nbsp;<\/p>\n<p>&#8211; <strong>Idealna na prezent:<\/strong> dla dziecka, mamy, babci, na chrzciny, komuni\u0119, \u015bwi\u0119ta lub jako dekoracja pokoju<\/p>\n","protected":false},"excerpt":{"rendered":"<p>Rozalka wnosi do wn\u0119trza spok\u00f3j, ciep\u0142o i odrobin\u0119 nostalgii. Mo\u017cna j\u0105 zawiesi\u0107, postawi\u0107 [&hellip;]<\/p>\n","protected":false},"featured_media":1226,"template":"","meta":{"ngg_post_thumbnail":0},"product_brand":[24],"product_cat":[32],"product_tag":[33,34,35,36],"class_list":{"0":"post-1225","1":"product","2":"type-product","3":"status-publish","4":"has-post-thumbnail","6":"product_brand-anielimoi","7":"product_cat-anieli-moi","8":"product_tag-aniol","9":"product_tag-aniolek","10":"product_tag-prezent","11":"product_tag-swieta","13":"first","14":"instock","15":"sold-individually","16":"shipping-taxable","17":"purchasable","18":"product-type-simple"},"jetpack_sharing_enabled":true,"_links":{"self":[{"href":"https:\/\/anielimoi.com.pl\/index.php?rest_route=\/wp\/v2\/product\/1225","targetHints":{"allow":["GET"]}}],"collection":[{"href":"https:\/\/anielimoi.com.pl\/index.php?rest_route=\/wp\/v2\/product"}],"about":[{"href":"https:\/\/anielimoi.com.pl\/index.php?rest_route=\/wp\/v2\/types\/product"}],"wp:featuredmedia":[{"embeddable":true,"href":"https:\/\/anielimoi.com.pl\/index.php?rest_route=\/wp\/v2\/media\/1226"}],"wp:attachment":[{"href":"https:\/\/anielimoi.com.pl\/index.php?rest_route=%2Fwp%2Fv2%2Fmedia&parent=1225"}],"wp:term":[{"taxonomy":"product_brand","embeddable":true,"href":"https:\/\/anielimoi.com.pl\/index.php?rest_route=%2Fwp%2Fv2%2Fproduct_brand&post=1225"},{"taxonomy":"product_cat","embeddable":true,"href":"https:\/\/anielimoi.com.pl\/index.php?rest_route=%2Fwp%2Fv2%2Fproduct_cat&post=1225"},{"taxonomy":"product_tag","embeddable":true,"href":"https:\/\/anielimoi.com.pl\/index.php?rest_route=%2Fwp%2Fv2%2Fproduct_tag&post=1225"}],"curies":[{"name":"wp","href":"https:\/\/api.w.org\/{rel}","templated":true}]}}