{"id":1233,"date":"2025-10-18T20:30:35","date_gmt":"2025-10-18T18:30:35","guid":{"rendered":"https:\/\/anielimoi.com.pl\/?post_type=product&#038;p=1233"},"modified":"2025-10-18T20:31:45","modified_gmt":"2025-10-18T18:31:45","slug":"thalia-aniolek-w-stanie-zadziwienia","status":"publish","type":"product","link":"https:\/\/anielimoi.com.pl\/?product=thalia-aniolek-w-stanie-zadziwienia","title":{"rendered":"Thalia \u2013 anio\u0142ek w stanie zadziwienia (dost\u0119pna)"},"content":{"rendered":"<p>Z masy solnej, lecz z dusz\u0105 waty cukrowej. Thalia to golasek nie z tej ziemi \u2014 rozmarzony, z oczkami jak dwa pytajniki i min\u0105, jakby w\u0142a\u015bnie odkry\u0142a istnienie brokatu. R\u0119cznie ulepiona, z sercem na d\u0142oni (dos\u0142ownie, bo d\u0142onie ma nieco za du\u017ce), wpatruje si\u0119 w \u015bwiat z tak\u0105 czu\u0142o\u015bci\u0105, \u017ce nawet pierniczki na choink\u0119 mi\u0119kn\u0105.<\/p>\n<p>Idealna do postawienia na p\u00f3\u0142ce, gdzie b\u0119dzie pe\u0142ni\u0107 funkcj\u0119 ambasadorki zdziwienia i patronki nieoczywistych pomys\u0142\u00f3w. Uwaga: mo\u017ce wywo\u0142a\u0107 u\u015bmiech nawet u ponuraka!<\/p>\n","protected":false},"excerpt":{"rendered":"<p>Jej skrzyde\u0142ka s\u0105 lekko przekrzywione, bo przecie\u017c nikt nie m\u00f3wi\u0142, \u017ce latanie to [&hellip;]<\/p>\n","protected":false},"featured_media":1234,"template":"","meta":{"ngg_post_thumbnail":0},"product_brand":[24],"product_cat":[32],"product_tag":[33,34,35,36],"class_list":{"0":"post-1233","1":"product","2":"type-product","3":"status-publish","4":"has-post-thumbnail","6":"product_brand-anielimoi","7":"product_cat-anieli-moi","8":"product_tag-aniol","9":"product_tag-aniolek","10":"product_tag-prezent","11":"product_tag-swieta","13":"first","14":"instock","15":"sold-individually","16":"shipping-taxable","17":"purchasable","18":"product-type-simple"},"jetpack_sharing_enabled":true,"_links":{"self":[{"href":"https:\/\/anielimoi.com.pl\/index.php?rest_route=\/wp\/v2\/product\/1233","targetHints":{"allow":["GET"]}}],"collection":[{"href":"https:\/\/anielimoi.com.pl\/index.php?rest_route=\/wp\/v2\/product"}],"about":[{"href":"https:\/\/anielimoi.com.pl\/index.php?rest_route=\/wp\/v2\/types\/product"}],"wp:featuredmedia":[{"embeddable":true,"href":"https:\/\/anielimoi.com.pl\/index.php?rest_route=\/wp\/v2\/media\/1234"}],"wp:attachment":[{"href":"https:\/\/anielimoi.com.pl\/index.php?rest_route=%2Fwp%2Fv2%2Fmedia&parent=1233"}],"wp:term":[{"taxonomy":"product_brand","embeddable":true,"href":"https:\/\/anielimoi.com.pl\/index.php?rest_route=%2Fwp%2Fv2%2Fproduct_brand&post=1233"},{"taxonomy":"product_cat","embeddable":true,"href":"https:\/\/anielimoi.com.pl\/index.php?rest_route=%2Fwp%2Fv2%2Fproduct_cat&post=1233"},{"taxonomy":"product_tag","embeddable":true,"href":"https:\/\/anielimoi.com.pl\/index.php?rest_route=%2Fwp%2Fv2%2Fproduct_tag&post=1233"}],"curies":[{"name":"wp","href":"https:\/\/api.w.org\/{rel}","templated":true}]}}