{"id":1239,"date":"2025-10-18T20:49:25","date_gmt":"2025-10-18T18:49:25","guid":{"rendered":"https:\/\/anielimoi.com.pl\/?post_type=product&#038;p=1239"},"modified":"2025-10-18T20:49:26","modified_gmt":"2025-10-18T18:49:26","slug":"kacper-aniolek-nieaniolek-w-trybie-koncertowym-dostepny","status":"publish","type":"product","link":"https:\/\/anielimoi.com.pl\/?product=kacper-aniolek-nieaniolek-w-trybie-koncertowym-dostepny","title":{"rendered":"Kacper \u2013 anio\u0142ek\u2013nieanio\u0142ek w trybie koncertowym (dost\u0119pny)"},"content":{"rendered":"<p>Ulepiony z masy solnej, ale z dusz\u0105 jazzmana. Jego repertuar to mieszanka kol\u0119d, d\u017awi\u0119k\u00f3w z lod\u00f3wki i niepokoj\u0105co podobnych do \u201eSto lat\u201d motyw\u00f3w. Gdy gra, nawet koty przysiadaj\u0105 i s\u0142uchaj\u0105. Gdy nie gra \u2013 \u015bpi, ale z fletem w d\u0142oni, bo nigdy nie wiadomo, kiedy nadejdzie wena.<\/p>\n<p>Kacper nie zna nut, ale zna serca. I trafia w nie z tak\u0105 czu\u0142o\u015bci\u0105, \u017ce nawet najtwardszy piernik mi\u0119knie. Idealny do postawienia tam, gdzie potrzeba odrobiny absurdu, muzyki i niebieskiego spokoju.<\/p>\n","protected":false},"excerpt":{"rendered":"<p>Kacper to nie jest typowy anio\u0142ek. Nie fruwa, nie poucza, nie \u015bwieci przyk\u0142adem. [&hellip;]<\/p>\n","protected":false},"featured_media":1240,"template":"","meta":{"ngg_post_thumbnail":0},"product_brand":[24],"product_cat":[32],"product_tag":[33,34,39,35,36],"class_list":{"0":"post-1239","1":"product","2":"type-product","3":"status-publish","4":"has-post-thumbnail","6":"product_brand-anielimoi","7":"product_cat-anieli-moi","8":"product_tag-aniol","9":"product_tag-aniolek","10":"product_tag-gra-na-flecie","11":"product_tag-prezent","12":"product_tag-swieta","14":"first","15":"instock","16":"sold-individually","17":"shipping-taxable","18":"purchasable","19":"product-type-simple"},"jetpack_sharing_enabled":true,"_links":{"self":[{"href":"https:\/\/anielimoi.com.pl\/index.php?rest_route=\/wp\/v2\/product\/1239","targetHints":{"allow":["GET"]}}],"collection":[{"href":"https:\/\/anielimoi.com.pl\/index.php?rest_route=\/wp\/v2\/product"}],"about":[{"href":"https:\/\/anielimoi.com.pl\/index.php?rest_route=\/wp\/v2\/types\/product"}],"wp:featuredmedia":[{"embeddable":true,"href":"https:\/\/anielimoi.com.pl\/index.php?rest_route=\/wp\/v2\/media\/1240"}],"wp:attachment":[{"href":"https:\/\/anielimoi.com.pl\/index.php?rest_route=%2Fwp%2Fv2%2Fmedia&parent=1239"}],"wp:term":[{"taxonomy":"product_brand","embeddable":true,"href":"https:\/\/anielimoi.com.pl\/index.php?rest_route=%2Fwp%2Fv2%2Fproduct_brand&post=1239"},{"taxonomy":"product_cat","embeddable":true,"href":"https:\/\/anielimoi.com.pl\/index.php?rest_route=%2Fwp%2Fv2%2Fproduct_cat&post=1239"},{"taxonomy":"product_tag","embeddable":true,"href":"https:\/\/anielimoi.com.pl\/index.php?rest_route=%2Fwp%2Fv2%2Fproduct_tag&post=1239"}],"curies":[{"name":"wp","href":"https:\/\/api.w.org\/{rel}","templated":true}]}}