{"id":1241,"date":"2025-10-18T21:26:42","date_gmt":"2025-10-18T19:26:42","guid":{"rendered":"https:\/\/anielimoi.com.pl\/?post_type=product&#038;p=1241"},"modified":"2025-10-18T21:31:59","modified_gmt":"2025-10-18T19:31:59","slug":"klusianek-aniolek-od-pyz-i-pary-dostepny","status":"publish","type":"product","link":"https:\/\/anielimoi.com.pl\/?product=klusianek-aniolek-od-pyz-i-pary-dostepny","title":{"rendered":"Klusianek \u2013 anio\u0142ek od pyz i pary (dost\u0119pny)"},"content":{"rendered":"<p>Jego ulubiony d\u017awi\u0119k to bulgot garnka, a ulubione s\u0142owo \u2013 \u201efarsz\u201d. W wolnych chwilach medytuje nad proporcj\u0105 ziemniaka do m\u0105ki, a jego flet to gwizdek od czajnika. Gdy pyzy s\u0105 gotowe, Klusianek nie m\u00f3wi nic \u2013 tylko wzdycha z dum\u0105 i lekko si\u0119 unosi\u2026 ale to raczej od pary ni\u017c od wzruszenia.<\/p>\n<p>Idealny do postawienia w kuchni, gdzie b\u0119dzie patronem klusek, pierog\u00f3w i wszystkich tych chwil, gdy jedzenie przypomina rodzinny dom. Uwaga: mo\u017ce wywo\u0142a\u0107 niekontrolowan\u0105 ch\u0119\u0107 gotowania.<\/p>\n","protected":false},"excerpt":{"rendered":"<p>Klusianek nie fruwa. On gotuje. Zamiast skrzyde\u0142 ma dwie \u0142opatki do mieszania ciasta, [&hellip;]<\/p>\n","protected":false},"featured_media":1242,"template":"","meta":{"ngg_post_thumbnail":0},"product_brand":[24],"product_cat":[32],"product_tag":[33,34,38,35,36],"class_list":{"0":"post-1241","1":"product","2":"type-product","3":"status-publish","4":"has-post-thumbnail","6":"product_brand-anielimoi","7":"product_cat-anieli-moi","8":"product_tag-aniol","9":"product_tag-aniolek","10":"product_tag-kuchenny","11":"product_tag-prezent","12":"product_tag-swieta","14":"first","15":"instock","16":"sold-individually","17":"shipping-taxable","18":"purchasable","19":"product-type-simple"},"jetpack_sharing_enabled":true,"_links":{"self":[{"href":"https:\/\/anielimoi.com.pl\/index.php?rest_route=\/wp\/v2\/product\/1241","targetHints":{"allow":["GET"]}}],"collection":[{"href":"https:\/\/anielimoi.com.pl\/index.php?rest_route=\/wp\/v2\/product"}],"about":[{"href":"https:\/\/anielimoi.com.pl\/index.php?rest_route=\/wp\/v2\/types\/product"}],"wp:featuredmedia":[{"embeddable":true,"href":"https:\/\/anielimoi.com.pl\/index.php?rest_route=\/wp\/v2\/media\/1242"}],"wp:attachment":[{"href":"https:\/\/anielimoi.com.pl\/index.php?rest_route=%2Fwp%2Fv2%2Fmedia&parent=1241"}],"wp:term":[{"taxonomy":"product_brand","embeddable":true,"href":"https:\/\/anielimoi.com.pl\/index.php?rest_route=%2Fwp%2Fv2%2Fproduct_brand&post=1241"},{"taxonomy":"product_cat","embeddable":true,"href":"https:\/\/anielimoi.com.pl\/index.php?rest_route=%2Fwp%2Fv2%2Fproduct_cat&post=1241"},{"taxonomy":"product_tag","embeddable":true,"href":"https:\/\/anielimoi.com.pl\/index.php?rest_route=%2Fwp%2Fv2%2Fproduct_tag&post=1241"}],"curies":[{"name":"wp","href":"https:\/\/api.w.org\/{rel}","templated":true}]}}